*p, -3*h = -3*p + p + 4330. Let w = -2133 + p. Calculate the remainder when u is divided by w.
26
Let p = 2 - 8. Let t = p - -8. Suppose -5*a + 163 = -4*d + 120, 4*d + 25 = -a. Calculate the remainder when a is divided by t.
1
Let o(l) be the second derivative of -3*l**2 + 0 + 1/6*l**4 + 2*l**3 + 18*l. What is the remainder when 38 is divided by o(-7)?
6
Suppose 40*h + 5*y = 41*h - 752, -3008 = -4*h + 2*y. Calculate the remainder when h is divided by 133.
87
Let d(n) = 631*n - 902. What is the remainder when d(3) is divided by 62?
61
Suppose -6*z + 7*z - i = -489, -5*i - 1013 = 2*z. Let x = z - -508. Calculate the remainder when 68 is divided by x.
12
Suppose -s + 133 + 183 = 0. Let z = s + -187. Let b = -90 + z. Calculate the remainder when 114 is divided by b.
36
Let z(v) = v + 9. Let g(f) = -f - 1. Let q(l) = g(l) - z(l). What is the remainder when 8 is divided by q(-7)?
0
Suppose 0 = -6*k + 503 + 1531. Let s = 425 - k. Calculate the remainder when 266 is divided by s.
8
Let o be -40 + 1 - (-1)/1 - -3. Let g be 5/o - 29/(-7). Suppose -5*x - 3*q = -516, 93 = -x + 2*x + g*q. What is the remainder when x is divided by 12?
9
Let j(x) = x**3 + 47*x**2 - 85*x - 3946. Calculate the remainder when 99 is divided by j(-47).
1
What is the remainder when (-15)/45*(-16 + 1) - -97 is divided by 10?
2
Suppose 12 = 2*p - p. Let g be (20/15)/((-4)/(-78)). Let m = g + -5. What is the remainder when m is divided by p?
9
Let p = 4 + 9. Calculate the remainder when 12*(-11)/110 + 11706/30 is divided by p.
12
Suppose 145*l + 162*l - 3684 = 0. What is the remainder when 331 is divided by l?
7
Suppose -o - 5*w + 6596 = 0, 0 = -12*o + 13*o + w - 6584. What is the remainder when o is divided by 39?
29
Suppose 2*d = -3*h + 936, 5*d = h - 635 + 2992. What is the remainder when d is divided by 156?
3
What is the remainder when 144 is divided by 1036/(-21)*(-27)/36?
33
Let r(c) = -5. Let f(k) = -47*k + 101. Let d(g) = -f(g) - 6*r(g). What is the remainder when d(7) is divided by 26?
24
Let c be 5478/110 + (-3)/(-15). Suppose -c = -2*n - 4*r, 5*n - 79 = n - r. Calculate the remainder when 65 is divided by n.
8
Let w = 35891 - 35820. What is the remainder when 4748 is divided by w?
62
Let y be (7 + 1)/(8/(128/8)). Suppose -2*m - y = 32. Calculate the remainder when m/(-36) - (0 - 325/3) is divided by 28.
25
Let k(x) = 38*x**3 + 3*x**2 - 4*x - 3. Let h be k(-2). Let g = -154 - h. What is the remainder when g is divided by 34?
31
Let q be 1/(4 + 235/(-60)). Suppose -2*a = -8*a + q. Suppose 4*c = 2*p - 0 + 6, a*p + 11 = 5*c. What is the remainder when p is divided by 3?
1
Suppose 0 = -20*q - 21*q + 50348. Calculate the remainder when q is divided by 44.
40
Suppose 17*p + 25 = 18*p. Suppose 17 = h - p. Calculate the remainder when 117 is divided by h.
33
Let l be ((-1 - 4) + 3)/(1/12). Let o(a) = -2*a + 25. Let v be o(l). Let q = v + -14. Calculate the remainder when q is divided by 6.
5
Suppose 24 = z - 46*t + 44*t, -2*z - 5*t = -48. What is the remainder when 68 is divided by z?
20
Suppose -5*h + 3*s = -1381, -5*h + 1769 = -2*s + 390. Calculate the remainder when 842 is divided by h.
17
Let j(q) = q**2 + 67*q + 210. What is the remainder when 9645 is divided by j(-64)?
15
Suppose 0 = u + 2*k - 14, -3*u + 3*k = -21 - 30. Suppose -u = 5*h - 56. Calculate the remainder when 62 is divided by h.
6
Let y(t) = t + 25. Let b be 4/(1 + -2)*(29 - 28). Calculate the remainder when y(b) is divided by 4.
1
Suppose 0 = 19*i - 203 + 28 - 566. Let b(q) = -q**3 - 8*q - 15. Calculate the remainder when b(-5) is divided by i.
33
Let w(i) = -12*i + 15 + 25*i - 16. Let z(n) = n**3 + 11*n**2 + 11*n + 12. Let j be z(-10). Calculate the remainder when 99 is divided by w(j).
24
Let d(i) = i**2 - 11*i + 16. Let a = 84 - 133. Let v = a + 60. Calculate the remainder when 78 is divided by d(v).
14
Suppose 6*f + f = 49. Let s be 126/f + 2/4*0. Let v(z) = -z + 26. What is the remainder when v(s) is divided by 2?
0
Suppose 3*l - 289 + 139 = 0. What is the remainder when 1108 is divided by l?
8
Let f = -184 - -184. Suppose -21*a + 721 + 140 = f. Calculate the remainder when 75 is divided by a.
34
Suppose 0 = -2*l - 5*x + 801, x + 42 = 4*l - 1571. What is the remainder when l is divided by 22?
7
Let x = -17085 - -17170. Calculate the remainder when 108/(9/(-11) - -1) is divided by x.
84
Let p(h) = h**3 - 11*h**2 + h - 4. Let s be p(12). Suppose -k - s + 0 = -4*c, -c + 38 = 2*k. Calculate the remainder when 106 is divided by c.
30
Calculate the remainder when (-1)/(((-9)/807)/3) is divided by 16 - (-3 - -18)/((-70)/(-28)).
9
Let b = 4 + -5. Let f(p) be the second derivative of -11*p**5/20 - p**4/12 + p**3/3 + p**2 - 122*p + 1. What is the remainder when f(b) is divided by 3?
1
Suppose 0 = 1032*y - 1040*y + 344. Calculate the remainder when 50 is divided by y.
7
Suppose -55100 = -87*l + 62*l. Calculate the remainder when l is divided by 245.
244
Let r(a) = a**3 - 24*a**2 + 40*a - 143. Let u = 110 + -68. What is the remainder when r(23) is divided by u?
38
Let k(q) = 9*q**3 + q**2 - 8*q + 8. Calculate the remainder when k(2) is divided by 552/15 - (-20)/(-25).
32
Let b = -75 - -72. Let g(r) = r**3 + 8*r**2 + 5*r - 3. Calculate the remainder when 188 is divided by g(b).
26
Let g = 116 - 136. Let a(m) = -m**2 - 26*m - 82. What is the remainder when 105 is divided by a(g)?
29
Suppose c = -5*o + o - 3, -5*c - 3*o + 36 = 0. What is the remainder when ((-1120)/3920)/(3 + (-2715)/903) is divided by c?
7
Suppose -2*q - 33 = -5*t - 2, -4*t = 2*q - 14. Let z(u) = u**2 - 2*u - 11. Calculate the remainder when 25 is divided by z(q).
1
Suppose -13 - 35 = -6*t. Let f be (642/1)/(-3 - (-9)/2). Suppose 0 = -9*z + f - 23. What is the remainder when z is divided by t?
5
Suppose 4*f + 97 = 2*l - 15, -5*l + 3*f = -294. Let c = 938 - 822. Calculate the remainder when c is divided by l.
56
Suppose 9*t = -12*t + 2*t + 836. What is the remainder when 879 is divided by t?
43
Let j be 17*7 + 0 - (-28)/28. Let z = 157 - j. Calculate the remainder when z is divided by 4.
1
Let b(f) = 10*f**2 + 3*f. Let z be b(-2). Let d = -98 - -168. What is the remainder when d is divided by (z - -2)*4/6?
22
Let n be (80/32)/(1/2). Let s = -8 + n. What is the remainder when 12 is divided by (-2)/(-2*4/16) - s?
5
Suppose -1100 = -407*f + 385*f. Calculate the remainder when 2197 is divided by f.
47
Let o = 9065 - 9023. Calculate the remainder when 790 is divided by o.
34
Let d(u) = -74*u - 1109. Let j = -12 - -18. Calculate the remainder when 98/21 - 4/j is divided by d(-15).
0
Suppose 4*j = 4*z + 4268, 5*j + 22 - 7 = 0. What is the remainder when 69 is divided by 5/4 - z/200*5?
13
Let q = -45 + 57. Suppose -p - 5*r = q, 4*p = 4*r + r + 27. Suppose 0 = -3*i + p*z, -5*i - 21 = 3*z - 61. What is the remainder when 24 is divided by i?
4
Let g(y) = -401*y - 900. Calculate the remainder when g(-3) is divided by 18.
15
Let t(p) = -5*p**2 - 196*p - 34. Calculate the remainder when 48 is divided by t(-39).
3
Let v = -75 - -1760. Calculate the remainder when v is divided by 7.
5
Let n = -19 - 2. Calculate the remainder when 2*n/(-14) - (-354 - 0) is divided by 45.
42
Suppose -1600 = 86*m - 91*m + 5*s, 980 = 3*m + 2*s. What is the remainder when m is divided by 25?
24
Let s(w) = 2*w**2 + 21*w - 18. Let n be s(-15). Let b = n - 112. What is the remainder when 17 is divided by b?
2
Let t(b) = 241*b - 3259. What is the remainder when 201 is divided by t(14)?
86
Let g(t) = t**3 - 6*t**2 + 9*t. Let o = 576 - 561. What is the remainder when g(6) is divided by o?
9
Let b = 848 - 671. Let i(q) = -5*q - 12. Calculate the remainder when b is divided by i(-6).
15
Let u(s) = 64*s**2 - 4*s + 23. Let y be u(3). Let x = y + -369. Calculate the remainder when x is divided by 20.
18
Let p(c) = 25*c**2 - 7*c + 9. Let w be p(2). Let z = w - 90. Calculate the remainder when 119 is divided by z.
4
Calculate the remainder when 405/270*(-1682)/(-3) is divided by 23.
13
Let h(a) = 2*a**2 - 90*a - 356. What is the remainder when h(50) is divided by 13?
1
Suppose -2*b + 9593 = -k + 2*k, -b = -k - 4795. Calculate the remainder when b is divided by 75.
71
Let r(p) = -p**3 + 5*p**2 - 50*p - 274. What is the remainder when r(-17) is divided by 2310?
4
Let z(g) = g**2 - 7*g + 21. Let c be z